= w. What is the remainder when r is divided by 45?
44
Suppose 2*y + 673 = j + 2*j, j = -2*y + 235. Let t = -210 + j. Calculate the remainder when 167 is divided by t.
14
Suppose -3500 = -83*g + 4574 + 3048. Let y(u) = 13*u**2 + 2*u - 2. Calculate the remainder when g is divided by y(-2).
42
Let p be (2 - 1) + (-79 - -13) - 3. Let m = p + 70. Suppose m*v = -4*q + 4 + 8, -16 = -v + 3*q. What is the remainder when 19 is divided by v?
9
Let b = -230 - -233. What is the remainder when (1/b)/(5*(-1)/(-855)) is divided by 15?
12
Suppose -2641*o + 1333908 = -2533*o. Calculate the remainder when o is divided by 71.
68
Let q = 41 - 16. Let b = -10 + q. Let a(w) = -2*w + 31. What is the remainder when 2 is divided by a(b)?
0
Suppose 3*c = 4*c - 28. Suppose 34 = 6*z + 16. Calculate the remainder when c is divided by (52/(-20) + z)*150/6.
8
Suppose 5*k + 24 + 37 = w, -9 = -3*k. Calculate the remainder when (-2 - (3 + -4)) + 223 is divided by w.
70
Suppose 522627 = 20*n + 39*n - 59172. What is the remainder when n is divided by 72?
69
Suppose -3*c + 5*c = -5*b + 174, 4*b - 8 = 0. What is the remainder when 246 is divided by c?
0
Let t be (1 - (1 - -1))*0. Suppose -5*f - 2*j = -2, t = -3*f + 4*j - 1 - 3. Suppose 2*w + f*w = 72. What is the remainder when w is divided by 13?
10
Let w(s) = -4*s + 45. Suppose -4*y = 2*y + 342. Let i = 107 + y. What is the remainder when i is divided by w(9)?
5
Let y(f) = 37*f**3 + 2*f**2 - 3*f - 1. Suppose 5*r - 29 = -24. Calculate the remainder when y(r) is divided by 4.
3
Let r be (-61)/(-7) - 2/(-7). Suppose 6*y - r*y + 42 = 0. Calculate the remainder when 5 + (-4 + y)/2 is divided by 7.
3
Suppose 0 = -2*i + 3*m - 19, i + 154 = 8*m + 73. Suppose 2*y - 6*y = 3*q, -5*y + q + 19 = 0. Calculate the remainder when i is divided by y.
1
Let v be 2552/11 - (-1 - -8). Let g = v - 163. What is the remainder when g is divided by 21?
20
Let j(o) = 2*o**2 + 53*o + 26. Let w be j(-26). Suppose -2*c = -3*c - x + 7, w = -2*x - 8. What is the remainder when c is divided by 5?
1
Let l be 3/7 - 632/(-28). Let a = l + 19. Suppose -3*y = -5*g + 36, 5*g + 5*y = y + 57. What is the remainder when a is divided by g?
6
Let f = 3885 + -3828. Suppose -648 = -4*w + 3*s, -3*s + 277 + 47 = 2*w. What is the remainder when w is divided by f?
48
Let t = -815 + 830. Suppose -19*v + 20*v - 62 = 0. Suppose 3*y = -n + v, y - 5 = 3*n + 9. Calculate the remainder when y is divided by t.
5
Suppose -5*a = 58 - 148. What is the remainder when 6*1/a*387 is divided by 22?
19
Suppose 92*z + 168 = 100*z. What is the remainder when 44 is divided by z?
2
Let b(h) = 21*h - 161. Let f be b(8). What is the remainder when 32 is divided by (954/371)/(1/f)?
14
Let o be 0/((-12)/(-8 + 4)). Suppose o = 4*z + 4 - 16. Calculate the remainder when 61 is divided by ((-1)/z)/(-5 - (-479)/96).
29
Let m(p) = -411*p + 778. Calculate the remainder when m(1) is divided by 87.
19
Let h(m) be the first derivative of 7*m**2/2 - 51*m - 9. Suppose 5*v - 84 = v. What is the remainder when h(13) is divided by v?
19
Calculate the remainder when 2565 is divided by (-1070)/20*((1 + 0)*-1 - 1).
104
Let o(i) = 14*i**2 - 124*i - 3. Let d(s) = -s - 10. Let v be d(-4). Let m(q) = q**3 + 8*q**2 + 2*q - 7. Calculate the remainder when o(10) is divided by m(v).
51
Let b(j) = j**2 - 6*j + 4. Let l be 1000/8 - 7 - (2 + -2). Let z = l - 100. What is the remainder when z is divided by b(7)?
7
Suppose 5*l + 4*o = 1073, -14 + 2 = 4*o. Let i = -191 + l. What is the remainder when 1/(102/(-103) + 1) is divided by i?
25
Suppose 79*t = 56*t + 1955. Calculate the remainder when 431 is divided by t.
6
Suppose 0 = -5*k - 61 - 84. Let v = 49 + k. Suppose 0 = 3*q - 92 - 127. What is the remainder when q is divided by v?
13
Suppose -h - 2*r = -5*r - 39, r = 5*h - 139. Let b(s) = -s**3 - s**2 - 61*s - 115. What is the remainder when h is divided by b(-2)?
5
Let p(h) = -h. Let i(x) = -39*x**2 - 4*x + 9. Let a(g) = -i(g) - 6*p(g). Calculate the remainder when 113 is divided by a(1).
33
Let z(i) = -5*i**3 - 19*i**2 + 14*i + 156. What is the remainder when 796 is divided by z(-5)?
88
What is the remainder when 8/14 + (-1704)/(-56) is divided by (-2 - (4 - (0 + 7)))*24?
7
Suppose 5*n + 4*a = 694, -5*a - 300 = 5*n - 1000. Calculate the remainder when 4687 is divided by n.
131
Let q(d) = d**2 + 42*d - 2153. Calculate the remainder when 288 is divided by q(-72).
1
Suppose -2*k + 4 + 16 = 0. Suppose 0 = 5*o - 2*f - 6198, -3*o = -f - 910 - 2808. Calculate the remainder when o is divided by k.
8
Let o(d) = 2*d**3 - 18*d**2 - 22*d + 32. Calculate the remainder when 432 is divided by o(10).
0
Suppose d - 74 = -3*u, 296 = 4*d - u + 5*u. What is the remainder when d is divided by (16/(-36)*10)/((-55)/(11385/46))?
14
Let m = -112 + 123. Suppose -m*r + 21*r = 370. Calculate the remainder when 78 is divided by r.
4
Let v be (-4 - (-1 - 1)) + -6. Let r(d) = d**2 - d - 6. Let p(t) = -8*t**2 + 48. Let a(c) = -p(c) - 7*r(c). Calculate the remainder when 7 is divided by a(v).
1
Let c = 55 - 58. Let w = -3 - c. Suppose -4*o = -4*a - 62 - 98, w = -2*o - 3*a + 65. What is the remainder when o is divided by 20?
17
What is the remainder when 263 is divided by (55/(-15))/(-9 + 530/60)?
21
Let v(y) = 11*y**2 - 30*y - 2. Let p be v(3). Let m(x) = -x**3 + 6*x**2 + 16*x - 49. Calculate the remainder when 39 is divided by m(p).
11
Let a = -181 + 358. Suppose 4*u + 531 = 4*g - a, -4*g = -2*u - 708. What is the remainder when g is divided by 61?
55
Let t(m) = 855*m**3 - 5*m**2 + 9*m - 2. Calculate the remainder when t(2) is divided by 159.
158
Let l(t) = t**3 + 31*t**2 - 28*t + 161. Let x be l(-32). Suppose x*d - 157 = -58. What is the remainder when 20 is divided by d?
2
Suppose -4*q + 5*p - 65 = -9*q, 4*q - p - 27 = 0. Suppose -16*a = q - 264. What is the remainder when 79 is divided by a?
15
Let z be (-4)/46 + 1635/23. Suppose 52*i = z*i - 4123. What is the remainder when i is divided by 25?
17
Let c(y) = y**2 + 11*y - 4. Calculate the remainder when c(42) is divided by 25.
22
Suppose -2*z + 10 = p, 5*p = 3*p - 2*z + 10. Suppose -8*l - 25 = -3*l, u + l - 75 = p. Calculate the remainder when 264 is divided by u.
24
Suppose k + 5 = -4*r, -15*k + 19*k + r = 70. Calculate the remainder when 13698 is divided by k.
18
Suppose -3*f = 5*w + 140, 0 = -3*f - 2*w - 44 - 102. Let u be 0/(2 - 4) - f. Let b = u - 32. Calculate the remainder when 52 is divided by b.
16
Suppose o - 5*c = 146, -3*o + 4*c + 131 = -241. What is the remainder when 15193 is divided by o?
113
Suppose u - 5*r = 1436, 4*u - 5832 = -r - r. Let y be ((u*-3)/7)/(0 + -1). Suppose 14*n - 20*n + y = 0. Calculate the remainder when n is divided by 35.
34
What is the remainder when 481 is divided by 351/45*40/4?
13
Let q = 9628 - 9446. What is the remainder when q is divided by 21?
14
Let q = 11283 - 11278. Let y(l) = -4 + l**2 + 4 + 6*l + 1. What is the remainder when y(-8) is divided by q?
2
Let b = 197 + -186. Suppose -3*c + 3*h = -b - 193, -5*c - 2*h + 361 = 0. What is the remainder when c is divided by 18?
17
Suppose -7*g = -2*g - 665. Suppose 0 = 5*p - 2*a - 37, -16*a + 21*a + 40 = 2*p. Calculate the remainder when g is divided by p.
3
Let t(d) = 157 - 13*d - 73*d - 294. Calculate the remainder when t(-4) is divided by 26.
25
Suppose 20 = 2*o - 2*l, 0 = 3*o + 2*o - 2*l - 38. Suppose -o*z = -10*z + 236. Let k = z + -51. What is the remainder when 31 is divided by k?
7
Suppose -4*l + q = 2*q - 31, -2*l = -5*q - 21. Suppose 228 = l*d - 2*d. Calculate the remainder when d is divided by 22.
16
Suppose -4*l + 34 + 34 = 0. Let a be (-4 + 3)/(7/(-49)). Suppose -391 = -a*p + 71. What is the remainder when p is divided by l?
15
Suppose 144*y = 133*y + 1188. Suppose 12*z = 6*z + 114. Calculate the remainder when y is divided by z.
13
Let s = 181 - -25. Let a = s + -198. What is the remainder when 46 is divided by a?
6
Suppose 360302 = 313*y - 2465. Calculate the remainder when y is divided by 27.
25
Suppose -3*y + 4*y = 0. Suppose 6*z - 2*k - 96 = z, y = 3*z - 3*k - 54. What is the remainder when (8 + 11)/(4/16) is divided by z?
16
Let c = -205 + 280. Calculate the remainder when c is divided by 41.
34
Let w(m) = -m**2 + 21*m + 19. What is the remainder when (3 + 79)/((-4)/(-6)) is divided by w(21)?
9
S